
In base 6, what is 44 + -41054?
-41010
In base 4, what is 12121211 - 13212?
12101333
In base 4, what is -212220233333 + 1?
-212220233332
In base 9, what is -36 + 51118?
51072
In base 4, what is -3223221021 + 3?
-3223221012
In base 9, what is 7361 + -1357?
6003
In base 10, what is 0 - -142618315?
142618315
In base 8, what is -621072 - -3771?
-615101
In base 12, what is 79 - 4b2733?
-4b2676
In base 10, what is 123973 + 72?
124045
In base 3, what is -120222 - -1110200012?
1110002020
In base 12, what is -277b + 107b3?
a034
In base 9, what is -1870373 - -2147?
-1867225
In base 12, what is 2b8 + -76aa5?
-767a9
In base 13, what is 3570816 + -8?
357080b
In base 8, what is -3232063 - 11?
-3232074
In base 12, what is 953 + 8078?
8a0b
In base 11, what is 5 - 238a682?
-238a678
In base 11, what is -492503 + -227?
-49272a
In base 15, what is 2b + -25e2?
-25b6
In base 15, what is -1028 + 1966?
93d
In base 5, what is 21 + -24002423?
-24002402
In base 11, what is -26740a763 + -4?
-26740a767
In base 14, what is 9bb0765 + -7?
9bb075c
In base 10, what is 8 + -879666?
-879658
In base 5, what is 141044343 + -323?
141044020
In base 9, what is -2 - 1070114440?
-1070114442
In base 7, what is 5301322 + 32?
5301354
In base 14, what is -607a - 201d?
-8099
In base 4, what is 123002233312 - -3?
123002233321
In base 13, what is -162 + 12b690?
12b52b
In base 6, what is -20 - -1053430300?
1053430240
In base 16, what is -313d + -5?
-3142
In base 15, what is a53988 - 1?
a53987
In base 13, what is 75682 - 560?
75122
In base 6, what is -14131253 - 5250?
-14140543
In base 7, what is -33523 + 1613?
-31610
In base 2, what is -100100101010101111001100 - 10?
-100100101010101111001110
In base 6, what is 2 - -2552340530?
2552340532
In base 12, what is -18130 + 172?
-17b7a
In base 9, what is 1 + 543343422?
543343423
In base 6, what is -1201530454 - -13?
-1201530441
In base 4, what is 12 + 1133230133?
1133230211
In base 8, what is -5 + 111235777?
111235772
In base 11, what is 4 + -141711a?
-1417116
In base 15, what is 2449aae + -d?
2449aa1
In base 2, what is 1000 - -10010110110000100101010111001?
10010110110000100101011000001
In base 2, what is -101101101001101 + 1110111?
-101101011010110
In base 15, what is -1 - -4d9511?
4d9510
In base 15, what is -3 + 2a24b2?
2a24ae
In base 12, what is 2495756 + 77?
2495811
In base 2, what is 10101111111011010111001 + -101?
10101111111011010110100
In base 4, what is 313203132033 - -10?
313203132103
In base 15, what is -5d + 2842da?
28427c
In base 16, what is 14d3deaf - -3?
14d3deb2
In base 4, what is -110 + -10000033210?
-10000033320
In base 15, what is -195c - 2c75?
-46d2
In base 10, what is 3567886 - -5?
3567891
In base 13, what is -190 + 33262?
330a2
In base 11, what is -502336 - 173a?
-503a75
In base 9, what is -1204 + -723032?
-724236
In base 14, what is -16 + -179db97?
-179dbad
In base 10, what is 5 + -1633034?
-1633029
In base 5, what is -400 - 33242433?
-33243333
In base 10, what is -66393 + 1010?
-65383
In base 9, what is -102525 - 186?
-102722
In base 4, what is -2 + 13030233001?
13030232333
In base 7, what is 40433150 - 36?
40433111
In base 3, what is -10001200010001 + -21?
-10001200010022
In base 9, what is 164 - 81653?
-81478
In base 2, what is -100 + 101101100010010001100100?
101101100010010001100000
In base 7, what is 14113040 - 4?
14113033
In base 11, what is -1 + -743a150?
-743a151
In base 7, what is -1041401311 + -5?
-1041401316
In base 11, what is 339478970 + 2?
339478972
In base 5, what is 32 - -100042421?
100043003
In base 16, what is 5 - f20e5e?
-f20e59
In base 16, what is -e0 + -2ed?
-3cd
In base 10, what is -1649797 + -2?
-1649799
In base 13, what is 6 - -934150b?
9341514
In base 13, what is -6558 + -2570?
-8ac8
In base 16, what is -4ac1f + e?
-4ac11
In base 13, what is -9b04b09 + 0?
-9b04b09
In base 3, what is -1 + 201122000221010?
201122000221002
In base 10, what is -514470 + 170?
-514300
In base 7, what is -4014 - 16526?
-23543
In base 15, what is -10b930 + ab?
-10b874
In base 16, what is -171 - -7927c?
7910b
In base 7, what is 5632355 - -3?
5632361
In base 14, what is -21773 - -797?
-20dba
In base 3, what is -12110000 - -1020202112?
1001022112
In base 16, what is -1b + -1f24d5?
-1f24f0
In base 7, what is -2156140642 + -4?
-2156140646
In base 8, what is -7 + -465630641?
-465630650
In base 4, what is 20103 - -313203?
333312
In base 8, what is 53 + -41456261?
-41456206
In base 5, what is -122110311 - 3023?
-122113334
In base 15, what is 6db - 1d5?
506
In base 11, what is 37115 + -18a?
36a36
In base 12, what is -5932 + b62?
-4990
In base 7, what is -214436 - 164?
-214633
In base 10, what is -2 + 53501415?
53501413
In base 6, what is 4555 + -433444?
-424445
In base 7, what is 11 - 13333205?
-13333164
In base 4, what is 10022330 + -2133?
10020131
In base 2, what is 0 + 1000100101001010101010?
1000100101001010101010
In base 13, what is 8cb11c5 - 3?
8cb11c2
In base 3, what is -10200000 - -110001?
-10012222
In base 6, what is 1310054350 - -20?
1310054410
In base 11, what is -52a2562 + 1a?
-52a2543
In base 6, what is -35455402432 - 5?
-35455402441
In base 6, what is -422145314 + -5?
-422145323
In base 6, what is -433031103 + -3?
-433031110
In base 3, what is -110202 + 222222200?
222111221
In base 10, what is -17688483 + 4?
-17688479
In base 12, what is 1b + bb320?
bb33b
In base 3, what is -2212211112210 + -1?
-2212211112211
In base 5, what is 20340341 - 403?
20334433
In base 5, what is -2322 - -11034102?
11031230
In base 11, what is -64a1 + 4191?
-2310
In base 6, what is 11 + -2104433054?
-2104433043
In base 14, what is -1a7c7a5 - -3?
-1a7c7a2
In base 2, what is 1000100011010110001011 - -1011?
1000100011010110010110
In base 13, what is -223 - 88c?
-ab2
In base 4, what is -10033123 - -3233032?
-200031
In base 2, what is -100 + 101011000101100000011111?
101011000101100000011011
In base 15, what is -1e730bd9 - -3?
-1e730bd6
In base 11, what is 175564 - -53?
175607
In base 10, what is 348 - 7308?
-6960
In base 16, what is 20f0ce - -22?
20f0f0
In base 13, what is -12032 - -5b?
-11ca4
In base 7, what is 163241301 + -1?
163241300
In base 7, what is 131533 + -12035?
116465
In base 16, what is 4 - -7c8a69?
7c8a6d
In base 9, what is -35087 + 558?
-34428
In base 13, what is -193b81 - 5c?
-193c10
In base 10, what is 16802 - 348?
16454
In base 4, what is -113100102 - 33110?
-113133212
In base 4, what is 1003 + -111132230?
-111131221
In base 11, what is -5a2801 + 43?
-5a2769
In base 4, what is 1221 + 2233122?
2301003
In base 16, what is -30a7af3 + -4?
-30a7af7
In base 15, what is -5abbd - -16?
-5aba7
In base 11, what is -1580 + 2541?
a71
In base 9, what is 18387 + 14303?
33701
In base 4, what is 21331323132 - 31?
21331323101
In base 13, what is -2a - 129a99?
-129ac6
In base 4, what is 101120221113 - 11?
101120221102
In base 9, what is -170 - -8543?
8363
In base 11, what is -188 + -6930?
-7008
In base 11, what is 1a + -132511?
-1324a2
In base 4, what is 13313122303213 - 0?
13313122303213
In base 10, what is -4 - 3090484?
-3090488
In base 13, what is 326150 - -2?
326152
In base 2, what is -11001010111111110 + 10010010100011?
-10111000101011011
In base 7, what is 2 - 124421504?
-124421502
In base 12, what is -9630a2 - 14?
-9630b6
In base 15, what is -5d2 + 29c9?
23e7
In base 7, what is 4066654 - 45?
4066606
In base 11, what is -1023 + 8987?
7964
In base 10, what is -394874 + -12?
-394886
In base 16, what is -c9 - aaa6?
-ab6f
In base 10, what is -43384601 + 2?
-43384599
In base 13, what is 5 - -6927cc?
692804
In base 12, what is 34b741 - 0?
34b741
In base 5, what is -1114 + -421303211?
-421304330
In base 9, what is -1 + 47280603?
47280602
In base 7, what is 15146 + 2311?
20460
In base 4, what is -1100 + 203210?
202110
In base 12, what is -5 - 1463b74?
-1463b79
In base 12, what is -402 + 19526?
19124
In base 13, what is -20460 + -14?
-20474
In base 15, what is -1b + 6293?
6277
In base 11, what is -1 - 121001a?
-1210020
In base 13, what is 2691b1 - -6?
2691b7
In base 15, what is -2b825b + -9?
-2b8265
In base 8, what is 5 + 1647762?
1647767
In base 4, what is 132 - 1130300330?
-1130300132
In base 7, what is 2 + -104105464?
-104105462
In base 15, what is 37 - -5134e?
51386
In base 8, what is -62513 - 1362?
-64075
In base 16, what is 617cc75 - -4?
617c